se -p = -5 + n. Suppose 3*v = p*b + 15, 0 = -0*v + 4*v - 3*b - 27. What is the units digit of v?
9
Let t be 46/3 + (-4)/(-6). Let h be (-2)/(-5) - (-27)/(-5). Let x = t + h. What is the units digit of x?
1
Let a(f) = 9*f**2 - 1. Let i = 0 + 1. Suppose 0 + i = -v. What is the units digit of a(v)?
8
Suppose 0 = -0*d + 3*d + 90. What is the units digit of 24/(-10)*d/12?
6
Suppose 0 = 2*w + 2*w + 5*m - 21, -w - 4*m = -8. Suppose 4*b + 2*u = 116, 5*b - 145 = w*u + u. What is the tens digit of b?
2
Let w(z) = -z**2 - 6*z + 1. Let h(p) = -5*p**3 - p**2 + p. Let i be h(1). What is the units digit of w(i)?
6
Let x = 188 - 98. What is the tens digit of x?
9
Let t(h) = 14*h + 6. What is the tens digit of t(3)?
4
Let m(o) = -3*o + 2. Let x(w) = 2*w - 1. Let i(k) = -6*m(k) - 10*x(k). What is the units digit of i(-11)?
0
Let x(o) be the first derivative of o**4/4 + 2*o**3 - 2*o**2 - 4. What is the units digit of x(-6)?
4
Let r = -50 + 85. What is the units digit of r?
5
Let d(m) = -21*m - 1. What is the tens digit of d(-2)?
4
Let w(p) = -9*p + 6. Let z(q) = 46*q - 31. Let j(m) = -11*w(m) - 2*z(m). What is the units digit of j(3)?
7
Let i = 51 + -30. Suppose -i = 5*m - 181. What is the tens digit of m?
3
Suppose -3*q + 8 = 2*j - 11, -6 = -3*j. What is the units digit of 0 - (-9 - (q + -2))?
2
Suppose -3*z - 2*v = -9, 2*v - 5 = z - 0*v. Let k be -1 - (z*-6 + 2). Suppose -3*j + j + 3 = g, 34 = 2*g - k*j. What is the tens digit of g?
1
Let l(v) = v**2 - 9*v + 3. Let n be l(9). Suppose -45 = -3*i + 2*k - 5*k, -n*k = -2*i + 20. Let q = 20 - i. What is the units digit of q?
7
Let w(d) = d**2 + 8*d - 8. Let f be 0 + 2*-1 - -3. Suppose m - f = -10. What is the units digit of w(m)?
1
Suppose 5*d - 119 = 161. What is the tens digit of d?
5
Let o = -25 - -40. Suppose -o - 85 = -4*n. What is the units digit of n?
5
Let l = -34 - -18. What is the units digit of (-59)/(-4) + (-4)/l?
5
Let y = 2 + 7. Suppose -4*m = -y*m + 60. What is the tens digit of m?
1
Let c be -1 - 0 - (1 - 3). Let w = c - 5. What is the units digit of -2 - 2*-1 - w?
4
Let h = -8 - -12. Let n = 6 - h. Suppose 3*m + 12 = -3*t, -3*m + 0*m - 13 = n*t. What is the units digit of t?
1
Suppose 5*h - 2*c + 70 = 0, 3*c = -3*h - 27 - 36. Let l = -24 - h. Let p(s) = s**3 + 7*s**2 - 9*s + 5. What is the tens digit of p(l)?
1
Let g(h) = -2*h**3 - h**2 + 7*h. Let j(c) = c**3 - 3*c. Let b(m) = -4*g(m) - 9*j(m). What is the units digit of b(2)?
6
Let b = -94 + 55. Let m = b + 80. What is the tens digit of m?
4
Suppose 38 + 14 = -4*j. Let d(q) = 5*q**2 + 2. Let k be d(-2). Let w = k + j. What is the units digit of w?
9
Let b = -7 - -4. Let g = -2 - b. What is the units digit of g?
1
Suppose 0 = -s + 45 + 38. What is the units digit of s?
3
Suppose -2*v = v + 12. Let k = -4 - v. Suppose 0 = u - 3 - k. What is the units digit of u?
3
Let u be 12*(-2 + (-10)/(-4)). Suppose -2*k = -u*k + 176. What is the units digit of k?
4
Let h be (98/(-6))/(4/12). What is the tens digit of (h/(-2))/(8/16)?
4
Let l(g) = -14*g - 9. What is the tens digit of l(-19)?
5
Let r = -5 + 4. Let m = -4 - r. Let d = -2 - m. What is the units digit of d?
1
Let t(y) be the second derivative of y**4/2 - y**3/6 - y**2 - 2*y. Let g be t(-2). Suppose 0*v - g = -3*v. What is the units digit of v?
8
Let p = 208 - 98. What is the units digit of p?
0
Let c = -23 - -79. What is the tens digit of c?
5
Let c = -6 + 6. Suppose -q - 4*b = c, 2*b = 4*q - b - 95. What is the tens digit of q?
2
Let t(s) = s**3 - 11*s**2 - 12*s - 7. Let r be t(12). Let p(b) = -3*b + 14. What is the units digit of p(r)?
5
Let a = -5 + 2. Let o(z) = 2*z**2 + 3*z - 3. Let t be o(a). Suppose -3*i + 0 = -t. What is the units digit of i?
2
Let p = 34 + -14. Let q = p + -30. What is the tens digit of 23 + -1 - (q - -10)?
2
What is the hundreds digit of (568/6)/((-16)/(-24))?
1
Let s = -157 + 223. What is the units digit of s?
6
Suppose 2*l - 8 - 20 = 0. Suppose 0 = 2*g - l. What is the units digit of g?
7
Suppose -22*a + 18*a = -404. What is the units digit of a?
1
What is the tens digit of (-3 - -72) + (6 - 2)?
7
Let x be -1*2*(-21)/(-14). What is the units digit of 2 + x + 3*5?
4
Suppose 28 + 32 = 5*p. Suppose 2*k - p = -2*k. Let b(z) = -z**3 + 5*z**2 - 2*z - 1. What is the units digit of b(k)?
1
Let m = -73 + 183. What is the hundreds digit of m?
1
Suppose 3*n - 8*n = -20. Suppose 0*b = n*b - 172. What is the units digit of b?
3
Let r = -28 + 28. Suppose -2*y + 1 = -n - r, 2*n - 14 = -4*y. What is the units digit of n?
3
Let m = 8 - -1. What is the units digit of m?
9
Suppose -5*y + 3 = -7. Suppose y*r = r - 2. Let v(t) = -t**3 - 2*t - 3. What is the units digit of v(r)?
9
Let r be -2*((-2)/4 + 1). Let u be 50/(-20)*(-8)/(-5). Let z = r - u. What is the units digit of z?
3
Let h(q) = q + 6. Let k be h(-3). Let n(m) = 5*m - 3. What is the tens digit of n(k)?
1
Let j(o) = -o**3 - 2*o**2 - 4*o - 2. Let h be j(-2). Suppose h*d - 296 = 4. What is the units digit of d?
0
What is the tens digit of -1 + 5 + -3 - -105?
0
Let t = 3 - -3. Let i = 3 + t. Suppose 0 = -c + 4*s + i + 4, -2*s = -2*c + 20. What is the units digit of c?
9
Suppose -111 - 44 = -a + 5*v, -a + v = -143. What is the tens digit of a?
4
Suppose -4*h = -5*u + 97, -u + 3*u = 5*h + 100. Let c = 23 - 11. What is the units digit of ((-16)/c)/(2/h)?
2
Suppose 4*d - 287 = 4*c + 273, -4*c = 0. What is the tens digit of d?
4
Let w(v) = -4*v - 12. What is the units digit of w(-8)?
0
Let g(a) = -a**2 + 36*a + 52. What is the tens digit of g(30)?
3
Let h = 135 + -33. What is the tens digit of h?
0
Suppose -2 = -5*o + 23. Suppose 128 = o*c + 18. What is the tens digit of c?
2
What is the tens digit of 59 + -4 - (-2 + 0)?
5
Let g = 24 - 16. What is the units digit of g?
8
Let h(z) = -z**2 - 6*z + 5. Let f(r) = -2*r + 4. Let o be f(3). Let j be (-1)/((4 + o)/10). What is the tens digit of h(j)?
1
Let u = -7 + 10. Let x = u + 0. What is the tens digit of -4 + x - (1 - 13)?
1
Let f be 5 + (-2*1 - 0). Suppose 4*j + 5*c - 52 = c, 4*j - f*c - 45 = 0. Suppose 0 = -2*a + a + j. What is the units digit of a?
2
What is the units digit of 30/(-4)*(-64)/10?
8
Suppose -5*d - 18 = -2*o, -7 = 3*d - 4*o - o. Let t(w) = w**3 + 5*w**2 + 4*w + 5. Let q be t(-4). Let f = d + q. What is the units digit of f?
1
Let n = 21 - 20. What is the units digit of n?
1
Suppose -5*f + 1160 = -v - v, -5*f = 3*v - 1160. What is the hundreds digit of f?
2
Let a(c) = 2*c**3 + 2*c - 1. Let h be a(1). Let r be 6 + h/3*-2. Suppose -2 = r*i - 34. What is the units digit of i?
8
What is the units digit of (-47)/(3 - 28/8)?
4
Suppose 3*x = 4*l - 187, 3*l = l + 2*x + 94. What is the tens digit of l?
4
Let n(c) = c**2 + 8*c - 2. Let t be n(-8). Let q = t - -5. What is the units digit of q?
3
Suppose 0*a + a = 5*w + 170, 0 = -5*a - w + 824. What is the hundreds digit of a?
1
Let h = -32 - -54. Suppose 0*v - 2*v + f + 22 = 0, 0 = -v - 5*f + h. What is the units digit of v?
2
Let q = 0 + -2. What is the units digit of 124/9 - q/9?
4
Let b be (14/4)/(1/(-2)). Suppose l + 3 = 5*x - 6, -2*x + 90 = -4*l. Let g = b - l. What is the tens digit of g?
1
Let x(m) = -6*m + 4. Let f(q) = -q. Let o(n) = 5*f(n) - x(n). Let v(a) = -5*a - 2. Let s be v(-2). What is the units digit of o(s)?
4
Let o be (4/3 + 0)*3. Suppose b + 2*b + o*c = 4, b + c = 1. Suppose b = -0*h - 5*h + 60. What is the tens digit of h?
1
Let j(f) be the first derivative of f**4/4 - 14*f**3/3 + 15*f**2/2 + 13*f - 5. What is the tens digit of j(13)?
3
Suppose -7 - 1 = -4*o. Let v = 6 - 3. What is the units digit of (5 - v)*o/4?
1
Suppose 0*a - 2*a = -16. Suppose 4*x - 32 - a = 0. What is the units digit of x?
0
Let k(i) = -i**3 + 3*i**2 + 4*i + 1. Let g be k(4). Let u be (1 + (3 - 3))*3. Suppose -u*v + g = -11. What is the units digit of v?
4
Let o = -19 - -36. What is the units digit of o?
7
Let d(v) = -v**3 - 2*v**2 + 2*v + 4. Let z be d(-3). Let x(m) = m**3 - 8*m**2 + 9*m + 2. What is the units digit of x(z)?
6
Let c(j) = j**2 + 4*j + 3. Let u be c(-3). Suppose u*i = -i - 4*k + 9, -4*k = -3*i + 27. What is the units digit of i?
9
Let f(q) = -q**3 - 5*q**2 + q + 2. Let y be f(-6). Let x = y - 18. What is the units digit of x?
4
Let c = -5 + 0. Let s = -4 - c. What is the units digit of s?
1
Let q(m) = 2*m + 12. What is the un